342175.
3, 5, 7, 238747
List the prime factors of 59664020.
2, 5, 13, 29, 41, 193
List the prime factors of 65161459.
11, 17, 348457
What are the prime factors of 1803861512?
2, 225482689
What are the prime factors of 88393205?
5, 17678641
What are the prime factors of 135058621?
37, 3650233
List the prime factors of 664599939.
3, 193, 1147841
List the prime factors of 31778107.
31778107
List the prime factors of 20446140.
2, 3, 5, 11, 13, 2383
What are the prime factors of 41331732?
2, 3, 13, 53, 4999
What are the prime factors of 545888635?
5, 3943, 27689
List the prime factors of 1214942878.
2, 19, 29, 37, 83, 359
What are the prime factors of 98566584?
2, 3, 797, 5153
List the prime factors of 4943345558.
2, 19, 37, 211, 877
List the prime factors of 1024687248.
2, 3, 13, 43, 38189
List the prime factors of 2295258812.
2, 7, 11, 607, 12277
List the prime factors of 3360766125.
3, 5, 17, 527179
What are the prime factors of 43001969?
3089, 13921
What are the prime factors of 264613212?
2, 3, 1171, 6277
List the prime factors of 1712870254.
2, 19, 109, 413537
List the prime factors of 15114388.
2, 137, 27581
List the prime factors of 106361763.
3, 29, 67, 71, 257
What are the prime factors of 1683992329?
29, 937, 2137
List the prime factors of 493601623.
31, 1163, 13691
List the prime factors of 6104686389.
3, 2034895463
What are the prime factors of 339584011?
13, 61, 428227
List the prime factors of 14352390.
2, 3, 5, 13, 29, 47
List the prime factors of 121200638.
2, 13, 31, 150373
What are the prime factors of 34745622?
2, 3, 79, 73303
What are the prime factors of 40788688?
2, 2549293
List the prime factors of 55611847.
55611847
List the prime factors of 2504267584.
2, 7, 13, 429991
List the prime factors of 1094998365.
3, 5, 929, 8731
What are the prime factors of 1293314988?
2, 3, 7, 41, 375527
What are the prime factors of 2248894376?
2, 157, 1790521
List the prime factors of 6522438355.
5, 6529, 199799
What are the prime factors of 85270684?
2, 1151, 18521
What are the prime factors of 316866606?
2, 3, 7, 7544443
List the prime factors of 6408124488.
2, 3, 9889081
What are the prime factors of 1305755837?
1305755837
List the prime factors of 941782283.
13, 72444791
List the prime factors of 818836950.
2, 3, 5, 149, 36637
What are the prime factors of 1585177486?
2, 19, 431, 96787
List the prime factors of 27425382.
2, 3, 4570897
What are the prime factors of 30572276?
2, 7, 22283
List the prime factors of 114181763.
127, 899069
What are the prime factors of 6569472328?
2, 821184041
What are the prime factors of 603828465?
3, 5, 40255231
List the prime factors of 156206305.
5, 79, 395459
What are the prime factors of 18268407?
3, 89, 22807
List the prime factors of 4158189.
3, 7, 449
What are the prime factors of 5923988144?
2, 103, 3594653
List the prime factors of 701016432.
2, 3, 14604509
List the prime factors of 2305134752.
2, 701, 102761
What are the prime factors of 3919521044?
2, 979880261
What are the prime factors of 286204468?
2, 11, 6504647
What are the prime factors of 233091665?
5, 1361, 34253
What are the prime factors of 1062234290?
2, 5, 13, 17, 36973
List the prime factors of 607306243.
43, 937, 15073
List the prime factors of 337843667.
7, 761, 63421
What are the prime factors of 56545590?
2, 3, 5, 1884853
What are the prime factors of 4308329?
4308329
List the prime factors of 155565129.
3, 3089, 16787
List the prime factors of 7941872313.
3, 359, 751, 1091
List the prime factors of 42462233.
11, 1721, 2243
What are the prime factors of 4196282406?
2, 3, 37, 18902173
List the prime factors of 813542978.
2, 406771489
What are the prime factors of 893456418?
2, 3, 19, 29, 131, 2063
List the prime factors of 4852974476.
2, 7, 83, 2088199
What are the prime factors of 1591929?
3, 79, 2239
What are the prime factors of 32259842?
2, 16129921
What are the prime factors of 49764444?
2, 3, 4147037
What are the prime factors of 930046773?
3, 983, 315377
List the prime factors of 338952452.
2, 571, 148403
What are the prime factors of 59275567?
13, 359, 977
List the prime factors of 178912949.
19, 1187, 7933
What are the prime factors of 605048492?
2, 151262123
What are the prime factors of 695945237?
13, 4703, 11383
List the prime factors of 484674308.
2, 23, 1811, 2909
List the prime factors of 778587917.
71, 2243, 4889
What are the prime factors of 394082173?
19, 20741167
What are the prime factors of 669499736?
2, 83687467
List the prime factors of 149381193.
3, 13, 17, 233, 967
What are the prime factors of 815637134?
2, 13, 773, 40583
List the prime factors of 4988277446.
2, 2494138723
What are the prime factors of 231291263?
7, 33041609
What are the prime factors of 913553453?
103, 139, 63809
List the prime factors of 1600959159.
3, 59, 3014989
List the prime factors of 9200033.
9200033
What are the prime factors of 2447379853?
12241, 199933
What are the prime factors of 224967848?
2, 7, 29, 83, 1669
List the prime factors of 204013301.
37, 5513873
What are the prime factors of 790822278?
2, 3, 1319, 3701
List the prime factors of 3188338194.
2, 3, 531389699
What are the prime factors of 83850177?
3, 37, 547, 1381
List the prime factors of 51807586.
2, 229, 113117
What are the prime factors of 354552846?
2, 3, 107, 552263
List the prime factors of 38275508.
2, 9568877
List the prime factors of 85451315.
5, 37, 127, 3637
List the prime factors of 164538852.
2, 3, 17, 37, 21799
What are the prime factors of 106141735?
5, 7, 67, 45263
List the prime factors of 8593395920.
2, 5, 31, 3465079
List the prime factors of 200272534.
2, 7, 11, 1300471
What are the prime factors of 114319232?
2, 893119
What are the prime factors of 4043652033?
3, 29, 46478759
What are the prime factors of 45059962?
2, 17, 1325293
List the prime factors of 405477386.
2, 3539, 57287
List the prime factors of 185266630.
2, 5, 18526663
What are the prime factors of 492705187?
13, 397, 95467
What are the prime factors of 389924853?
3, 883, 147197
What are the prime factors of 2401019383?
7, 2683, 127843
What are the prime factors of 475890370?
2, 5, 47589037
What are the prime factors of 583969672?
2, 11, 13, 510463
List the prime factors of 24090180.
2, 3, 5, 331, 1213
What are the prime factors of 77698895?
5, 41, 67, 5657
What are the prime factors of 64493727?
3, 1097, 19597
List the prime factors of 125454708.
2, 3, 1579, 2207
List the prime factors of 97196561.
7, 11, 1262293
What are the prime factors of 36403238?
2, 31, 587149
List the prime factors of 685016771.
685016771
List the prime factors of 151082512.
2, 7, 1348951
What are the prime factors of 582495027?
3, 19, 10219211
What are the prime factors of 744201746?
2, 5279, 70487
List the prime factors of 1026912589.
19, 2789, 19379
What are the prime factors of 1827969605?
5, 7, 11, 4747973
List the prime factors of 186853330.
2, 5, 37, 103, 4903
List the prime factors of 252796691.
7, 19, 37, 47, 1093
What are the prime factors of 141862270?
2, 5, 11, 1289657
List the prime factors of 1244172451.
1244172451
List the prime factors of 7193842779.
3, 23, 79, 1319729
What are the prime factors of 584773278?
2, 3, 127, 139, 5521
What are the prime factors of 79453411?
79453411
What are the prime factors of 1327240120?
2, 5, 33181003
List the prime factors of 609896402.
2, 41, 7437761
List the prime factors of 5385792960.
2, 3, 5, 1870067
What are the prime factors of 4488662?
2, 2244331
What are the prime factors of 185279562?
2, 3, 13, 87977
What are the prime factors of 313244128?
2, 9788879
What are the prime factors of 1188374513?
19, 62546027
List the prime factors of 2097616304.
2, 7, 2675531
What are the prime factors of 34445509?
7, 4920787
What are the prime factors of 964267930?
2, 5, 41, 829, 2837
What are the prime factors of 6387762?
2, 3, 19, 137, 409
List the prime factors of 54352787.
19, 2860673
List the prime factors of 93740732.
2, 23, 71, 113, 127
List the prime factors of 1371702117.
3, 29, 543679
List the prime factors of 20160057.
3, 397, 16927
What are the prime factors of 600474089?
13291, 45179
What are the prime factors of 110910870?
2, 3, 5, 7, 31, 631
List the prime factors of 4660775271.
3, 517863919
What are the prime factors of 2611337?
97, 26921
What are 